s -a895 - 3?
-a898
In base 3, what is -12012020012020 - -2?
-12012020012011
In base 12, what is 20b051 - 1?
20b050
In base 2, what is 10001 + 1001001011?
1001011100
In base 13, what is -14a98c + 3?
-14a989
In base 15, what is -187a - -35?
-1845
In base 8, what is 105446 + 205?
105653
In base 8, what is -14527 - 13?
-14542
In base 2, what is 101110001100101 + -10?
101110001100011
In base 8, what is -5207 - 342?
-5551
In base 10, what is -1690 - -69?
-1621
In base 8, what is -1275 - 5705?
-7202
In base 7, what is 26 - 326460?
-326431
In base 11, what is -880 - -37?
-844
In base 7, what is 33663513 - 0?
33663513
In base 4, what is -2 - -322211?
322203
In base 16, what is -2f - -1e5?
1b6
In base 12, what is 49 - -1b6?
243
In base 14, what is 5 - -1a9ad?
1a9b4
In base 4, what is -21 + 22233301?
22233220
In base 3, what is -10212210 + -21100?
-11011010
In base 4, what is -1110321 - 1202?
-1112123
In base 5, what is 1101342 - 1?
1101341
In base 5, what is 413 - 3301?
-2333
In base 15, what is 1e0a - -13?
1e1d
In base 8, what is -2260325 + 4?
-2260321
In base 7, what is -16510 - -33?
-16444
In base 9, what is 5 - 53448?
-53443
In base 13, what is b4a + -113?
a37
In base 14, what is -2ac + c3?
-1c9
In base 11, what is 1246741 - -2?
1246743
In base 2, what is -100100010111 + 100001?
-100011110110
In base 11, what is -2a34 + 57?
-2988
In base 11, what is 3601 + -31?
3580
In base 3, what is -121 + 1000?
102
In base 16, what is -3 + -238f?
-2392
In base 9, what is 0 - -16883?
16883
In base 15, what is 21a - 35?
1d5
In base 14, what is -8b03d - 2?
-8b041
In base 3, what is 10 + -1120200100?
-1120200020
In base 2, what is -11101111100 - 11110?
-11110011010
In base 8, what is 4 + -57465?
-57461
In base 16, what is 1c1c + -17?
1c05
In base 7, what is -5 - -11320643?
11320635
In base 7, what is 1426600 + -1?
1426566
In base 4, what is -10312311 - -121?
-10312130
In base 13, what is 7290 + 5?
7295
In base 5, what is -1430 + -131?
-2111
In base 6, what is 443 + 10530?
11413
In base 6, what is 1 + 2510313?
2510314
In base 11, what is -6814a6 - -3?
-6814a3
In base 5, what is -1433003 - 122?
-1433130
In base 13, what is -499 + 47?
-452
In base 5, what is -1041314 - 2?
-1041321
In base 3, what is 10021 - 11221010?
-11210212
In base 4, what is -10 - 1103233?
-1103303
In base 13, what is -a2b3 + -4?
-a2b7
In base 7, what is -13 - -321462?
321446
In base 2, what is 10001101000000000 + -101?
10001100111111011
In base 12, what is -3a234 - 10?
-3a244
In base 5, what is -242 - -322?
30
In base 12, what is -4 + -2bb0b3?
-2bb0b7
In base 11, what is 11 + 20657?
20668
In base 11, what is -792825 + 4?
-792821
In base 14, what is 26 + 962?
988
In base 6, what is -15 - 31554?
-32013
In base 6, what is -40351 + 1?
-40350
In base 14, what is -1172697 - 5?
-117269c
In base 3, what is -11210220202 + 222?
-11210212210
In base 10, what is -6300170 - 0?
-6300170
In base 5, what is 3 + -311023?
-311020
In base 9, what is -20385 - 4?
-20400
In base 13, what is 34 - -20816?
2084a
In base 16, what is 1d8a4 - 3?
1d8a1
In base 5, what is -4 + -234023?
-234032
In base 14, what is -12cda2 + -1?
-12cda3
In base 12, what is -457 - -134?
-323
In base 5, what is 204031330 + 2?
204031332
In base 6, what is 2512 + 12045?
15001
In base 2, what is 101 - 101111100110110101?
-101111100110110000
In base 11, what is 522a86 - -4?
522a8a
In base 4, what is 23 + -2330102?
-2330013
In base 9, what is 1 - 24818?
-24817
In base 7, what is 26 + 532431?
532460
In base 2, what is -1111010011 + -11?
-1111010110
In base 15, what is 8b + 98?
134
In base 7, what is -1661333 - -10?
-1661323
In base 5, what is -2 - -1212031?
1212024
In base 13, what is 1ab05 - -2?
1ab07
In base 12, what is 114a + 70?
11ba
In base 4, what is 11213 - 123?
11030
In base 6, what is -3 + -425234?
-425241
In base 9, what is -43607 - 26?
-43634
In base 14, what is -13dc5b - 0?
-13dc5b
In base 14, what is -1d2 - 17?
-209
In base 4, what is 10 - 1000321300?
-1000321230
In base 9, what is -43 - -51?
7
In base 13, what is 0 + -14198?
-14198
In base 5, what is -3020212 - 3?
-3020220
In base 14, what is -2 + 3d548?
3d546
In base 10, what is 9 + -1428?
-1419
In base 6, what is 553 + 401?
1354
In base 16, what is -5b + -212?
-26d
In base 10, what is 844 - 443?
401
In base 9, what is -47 + -368?
-426
In base 13, what is 4 - 419c?
-4198
In base 10, what is -263813 + -2?
-263815
In base 6, what is 13320 + 151?
13511
In base 13, what is 8ca - 23?
8a7
In base 9, what is 136 + 1736?
1873
In base 5, what is 30 - -30131?
30211
In base 4, what is 1023 - -1132323?
1200012
In base 16, what is 5 - -bb6?
bbb
In base 16, what is 13612 + -1?
13611
In base 15, what is -2 - 15d4?
-15d6
In base 5, what is 1204 - 201?
1003
In base 5, what is -224423313 - -3?
-224423310
In base 11, what is -51a1 + -1?
-51a2
In base 7, what is 2400 - 16?
2351
In base 10, what is 20 - 2003?
-1983
In base 10, what is -5 - -34840?
34835
In base 5, what is -20 - 4330243?
-4330313
In base 13, what is b + 4a?
58
In base 13, what is -205266 - 4?
-20526a
In base 7, what is 325543 + -4?
325536
In base 9, what is 135666 + 18?
135685
In base 8, what is 33 - -3743?
3776
In base 4, what is 2020 + 2?
2022
In base 7, what is -1 + 4334140?
4334136
In base 5, what is 0 - 113122?
-113122
In base 4, what is -10122100 - 10?
-10122110
In base 4, what is 20032 - 10101?
3331
In base 10, what is 117 + -117?
0
In base 4, what is -3201133 + 322?
-3200211
In base 5, what is 1312 + -42140?
-40323
In base 13, what is 0 + 34b6?
34b6
In base 13, what is 180a49 - -4?
180a50
In base 7, what is -1 + -5531?
-5532
In base 2, what is -11001110011001110 - -100?
-11001110011001010
In base 8, what is -3025 - -4?
-3021
In base 14, what is 25a3 + 29?
25cc
In base 10, what is 234 + -208?
26
In base 6, what is -1 - 415135?
-415140
In base 11, what is -8 + -2103a?
-21047
In base 16, what is -4c + 56b?
51f
In base 11, what is 7211 + 2?
7213
In base 2, what is 11100111001 + 1000110?
11101111111
In base 4, what is 221 - -122333?
123220
In base 13, what is -14 + -149?
-160
In base 7, what is -1 + -1545521?
-1545522
In base 5, what is -1040 + -2412?
-4002
In base 7, what is -4454010 + 1?
-4454006
In base 2, what is 1011100011000010111 - -101?
1011100011000011100
In base 12, what is -67b9 - 5?
-6802
In base 16, what is 31d - 22e?
ef
In base 7, what is -2226 - -451?
-1445
In base 10, what is -4 + 206302?
206298
In base 6, what is -4 + 1440522?
1440514
In base 2, what is -10101100100101100 + 1011?
-10101100100100001
In base 9, what is 52601 + 2?
52603
In base 16, what is 8 - 4f1a7?
-4f19f
In base 13, what is -1492 - 23?
-14b5
In base 14, what is a3 + 45c?
521
In base 6, what is -2144 + -1100?
-3244
In base 15, what is 3 - -271e4?
271e7
In base 2, what is 1011110000100 - -100111?
1011110101011
In base 2, what is -11 + -10101000110001000001?
-10101000110001000100
In base 14, what is -99 + 306?
24b
In base 5, what is 31 + 141143?
141224
In base 5, what is 101112224 + -2?
101112222
In base 10, what is -4 + 41303?
41299
In base 13, what is 4 - -705c?
7063
In base 4, what is 312 - 322313?
-322001
In base 2, what is 111011111110 - -10111?
111100010101
In base 14, what is 741 + -20?
721
In base 10, what is 62603 - 1?
62602
In base 2, what is 100001001100000011 + 101?
100001001100001000
In base 10, what is -6464 + -25?
-6489
In base 10, what is -6 + 1649?
1643
In base 4, what is 31020230 + -2?
31020222
In base 4, what is 22223332 + -31?
22223301
In base 6, what is 2043 - -340?
2423
In base 13, what is -17654 - 4?
-17658
In base 4, what is -21 + -30311221?
-30311302
In base 15, what is -1 + -6479?
-647a
In base 15, what is -2 + -67d?
-680
In base 16, what is 293 - -28?
2bb
In base 12, what is 20 - a8?
-88
In base 8, what is 4666 - 173?
4473
In base 15, what is -535 - 3?
-538
In base 13, what is -12 + 1b8b?
1b79
In base 9, what is 21 + 174222?
174243
In base 6, what is -13314250 + -2?
-13314252
In base 12, what is -1499 + -499?
-1976
In base 14, what is 23 - 1497?
-1474
In base 4, what is 111301 - 102?
111133
In base 5, what is -2031 - -341?
-1140
In base 10, what is -71 + -948?
-1019
In base 15, what is 2c + 472?
49e
In base 7, what is 15 + 15451?
15466
In base 11, what is -2898 - 8?
-28a5
In base 5, what is 2 + 231300?
231302
In base 16, what is 